luate (-29 - -6) + -459 + 419.
-63
Calculate (9 - -3) + -26 + (-8 - -3 - 10).
-29
Calculate -31 + (31 + -39 + 13 - 29).
-55
Calculate 35 + 11 + -38 + 8.
16
6 + (0 - 3) + 2 - (16 - (3 - -22))
14
(-1 - -1) + -10 + (-77 - 36) + 42
-81
Calculate -62 - -25 - -33 - -34 - 52.
-22
-13 - (-9 - ((-30 - 4) + 8 + -5))
-35
Evaluate 0 - 16 - (-142 - -150).
-24
What is 0 + (-76 - -1) + (76 + 8 + -47 - 27)?
-65
Evaluate -3 + -53 + 30 - (-1 + (-2 - -10)).
-33
Evaluate 6 - ((-1 - -8) + (13 - (26 - 14)) + -35).
33
Evaluate -49 + (-30 + -8 - -79).
-8
What is the value of 10 + 0 + 86 + -18 + -29 + 17?
66
What is -851 + 799 - (23 - 5)?
-70
Calculate (101 - ((-11 - -2) + 19)) + 8 + -3 + 3.
99
What is 10 + (-31 + -1 - (-154 + 139)) - -1?
-6
Evaluate 105 - (-45 + 49 + 35).
66
-7 - (116 - 8 - ((-3 - (-24 + 14)) + -3))
-111
-6 - (19 - 23) - (-10 - 5)
13
What is the value of 48 - (43 - -26 - -21)?
-42
What is the value of 4816 - 4797 - (15 - (1 - -2 - 0))?
7
Calculate -20 + -6 + (-8 - -21).
-13
What is (5 - 0) + -5 + (21 + -30 - -17) + 6?
14
-137 + 53 + 78 + -41 + 1 + 0
-46
Calculate 42 + (29 + -22 - 6) + 6.
49
Evaluate 26 + (-2 + 11 - 4).
31
What is the value of (-10 - 35) + 167 - 41?
81
What is the value of (90 - (81 + 10)) + -1 + 14?
12
What is the value of 8 - (-1 + 5 + (-3 - (-30 + 28)))?
5
Calculate -2 + -63 + 3 - (5 + -23 + 3).
-47
What is the value of -7 - (1 + 3 - -6) - (12 + -10)?
-19
What is the value of 89 - 109 - (52 + 1 + 10 - 8)?
-75
What is the value of (-27 - (-47 + -17 + 11)) + 20?
46
Evaluate -21 - (-8 + 17 + 7 + -21).
-16
Calculate (8 - -54) + 0 + -37.
25
What is -2 - (-10 + -4 + -2 + 2 + 9) - -11?
14
Calculate (-40 - (-11 - 10)) + 51 - 130.
-98
Calculate 38 + (41 - 5) + -76.
-2
Calculate (-1 - (-4 - -1)) + (27 - 258 - -87).
-142
Evaluate (-16 - -7) + -4 + -9 - -20.
-2
What is the value of -4 - (-38 - (-8 + -24 + 21))?
23
What is the value of -3 + 0 + -3 + 0 + (-690 - -622)?
-74
What is the value of (-2 - 1) + -37 + 92 - (296 - 282)?
38
What is (-606 - -648) + (-3 - (6 - 16))?
49
Evaluate (-1 - (26 + 19)) + -20.
-66
What is 3 + (-9 - -3 - (-8 + 4 + -2)) + 47?
50
Calculate 14 + -13 + -15 + 3 + (45 - (5 + 5)).
24
(10 + -21 + 20 - (0 - -9)) + -17
-17
Evaluate 86 - (-76 - -257) - (6 - (2 + -3)).
-102
Evaluate 121 - (55 - -48 - -3).
15
-1 + -100 + 12134 + -12008
25
What is -61 + (-57 - (21 - 134))?
-5
What is the value of 23 - (1 - (13 - 6) - (15 + -14)) - 8?
22
Evaluate -1 + 2 + (-6610 - -6503).
-106
Calculate -9 + 12 + -3 + (8 - 29) + -15.
-36
What is the value of -19 + (61 - 48) - ((3 - -1) + 3)?
-13
What is (-2 - (7 - 14)) + 8 + -21 + 1?
-7
What is -28 - (-153 + 20 + (-94 - -79))?
120
-1 + 7 + (-4 - (-24 - -37)) + 15
4
Evaluate 18 + -4 + -16 + (17 - 6).
9
(14 - (10 + -19 + -5 + 50)) + 1 + -10
-31
What is (-17 - -23 - 10) + -99 - -14 - -10?
-79
Calculate 39 - (-16 - -19) - 16 - -8.
28
What is (455 - 313 - (-3 - -35)) + (3 - 4) + -2?
107
What is the value of 0 + (57 - (3 - ((32 - 29) + (-2 - -6))))?
61
Evaluate (18 - (14 - 11) - 47) + 8 - 12.
-36
What is 1 + -39 + (1 - 1) - (106 + 297 + -398)?
-43
Calculate -598 + 618 - (0 - 40 - 0 - -6).
54
Evaluate (1 + -4 + -2 - (5583 - 5565)) + -13.
-36
What is 206 - (-105 - -194 - -17)?
100
Calculate 4 - 3 - (41 - (5 - (-20 - -20))).
-35
What is (-72 + 179 - 87) + -92?
-72
What is -10 - (2 + -1 - (179 - 169))?
-1
Evaluate -3 + (19 - 41) - -82.
57
What is 0 + (-4 - 29 - -10) + 108 + -3?
82
Evaluate (47 + 3 - (-20 - -24 - -9)) + 0.
37
128 - (259 + (-37 - 98))
4
2 + (-2 + -26 - -7 - -17 - (1 + 69))
-72
-44 - ((-83 - -97 - (-1 + 16)) + 23)
-66
Calculate (22 - (-10 - (-41 + -16))) + -21.
-46
(42 - (-44 - -59)) + 4 - 24
7
What is 113 + (19 - 121) - (0 - 41)?
52
Evaluate 3 + -176 + -861 + 991.
-43
Evaluate (-152 - -73 - -44) + 1 + 6.
-28
Evaluate -42 - -139 - (-10 - (35 + -3)).
139
Calculate (6 + -1 + -3 - (4 - -8) - 45) + -4.
-59
Calculate (-40 - -7) + -35 + 195 + -30.
97
Calculate (-22 - (-39 + 24)) + 1 + -16 - -34.
12
Calculate (51 - 23 - -2 - 25) + 0.
5
Evaluate 72 - 2 - (-130 - -114).
86
Evaluate 172 - 105 - ((-5 + -2 - (-3 + 2)) + 5).
68
-40 + (1 - 1) + 8 + (20 - 29) - 5
-46
-5 + (-3 + -44 + 0 - (122 - 125)) + 8
-41
What is the value of (-50 - 0) + -20 + (47 + 24 - 32)?
-31
What is the value of -21 + 26 + (28 - 40) - -135?
128
Calculate 355 + -369 + (-1 - -2 - -25) + (1 - -58).
71
Evaluate -1 - (-28 + 5 + 32) - -8.
-2
What is 15 + (-41 - -10) + -2 - -53?
35
Evaluate -36 + -15 + 53 + -63.
-61
What is -29 - (3 - 5 - (579 + -605))?
-53
Calculate 1 + (-15 - -60) - 56 - 25.
-35
What is the value of -22 - 36 - -8 - (-1 + 7 - (-3 - 0))?
-59
What is (120 - 143) + 103 - 60?
20
Calculate (-52 - -9 - 1) + (5 - (-10 - -10)) + -12.
-51
Evaluate 11 + (84 - 37) + -4.
54
Calculate 29 + (-26 - -5 - 107) + 33.
-66
Evaluate (-7 - (-12 - -2) - 10 - -8) + 10.
11
What is (-13 - (-14 - -5)) + 9 + -47 - -3?
-39
What is the value of 1 - 44 - -15 - 7 - -50?
15
Calculate 54 - (45 - 27) - (-2 - -11).
27
(-9 - (16 + -11)) + (-50 - -44)
-20
Calculate -242 + 213 + (0 - -2) + -23.
-50
Calculate -1 - 40 - (-81 + 41) - -37.
36
What is the value of -32 - ((48 - 157) + 141)?
-64
Evaluate 15 + 21 + -45 - 58.
-67
14 - (-38 - -52) - -13
13
Calculate -1242 + 1268 + (9 - -17).
52
Evaluate 60 - ((81 - 27) + 25).
-19
Evaluate -2150 + 2163 - (-19 + -2).
34
What is (-1 - 3) + 1 - (222 - 136 - 93)?
4
Calculate 8 + 10 - ((-20 - 20) + 18).
40
What is the value of -998 + 1024 - (28 - 0) - -16?
14
Evaluate -4 + -9 + 1 + (-107 - -120) - (-17 - -2).
16
What is the value of 1 - -39 - (3456 + -3391)?
-25
Evaluate -22 + (8 - 18 - (-36 + -8)).
12
-61 + (2 + -6 + 3 - (5 + -2))
-65
55 + -46 - (-3 - -1) - (-8 + 9) - 66
-56
What is (45 - -9) + (36 - 90)?
0
Calculate -57 + 61 + 1 + 1 - (-36 + 34).
8
Evaluate 2 - -21 - (6 + 17 + -19 + 1).
18
(-2 - (3 - -8 - -1) - -4) + -22
-32
45 - 87 - (-83 - -18)
23
What is -17 - (-82 + (13 - (9 - (9 - 22))))?
74
What is -13 + (18 - (9 + 3)) + -3 + 1 + -3?
-12
What is the value of (-22 + 0 - (43 + 46 + -163)) + -1 + 10?
61
7 + (-2 - -13) + -22 + -41 + 2 + -2
-45
Calculate -44 + -59 + 85 - -75.
57
Calculate (18 - 36) + 32 - 30.
-16
-1 + -20 + (15 - 7) + -8
-21
Evaluate (-17 - 12 - -8) + -12 + (-2 - -1) + 1.
-33
Evaluate -6 + -2 - (27 + (-91 - -72)).
-16
Calculate (-51 - (208 - 181)) + 1 + 18.
-59
Evaluate 18 - (-22 + (17 - -9) + -33).
47
Evaluate 155 + -164 + 16 + -1 + 57.
63
What is the value of 17 + -27 + -22 + 68 - 18?
18
What is the value of -1 + 3 + -4 - (30 + -39 + -45)?
52
What is the value of -4 - (-326 + 346 - (-2 + -5))?
-31
What is -3 + 14 + 64 + 3 - (93 + -84)?
69
What is the value of (-2 - -4) + 18 + -3 + 4 + -3?
18
-8 - (-106 - (-1 + -2 - (-244 - -233)))
106
What is 34 - (-1 + -1 + 4 + -1 + -4)?
37
What is the value of -1 + 4 + (17 - (9 - (-28 + 29)))?
12
Evaluate -1011 - -961 - (2 + 46).
-98
What is the value of 55 + (-135 - (-107 + 44))?
-17
-25 + (0 + -16 + (-1 - -5) - -33 - 16)
-20
6 + 24 + (-191 - (-46 + -40))
-75
Evaluate (-11 - ((45 - 19) + -28)) + 0 + 4.
-5
Calculate 41 + (64 + -3 - (320 - 291)).
73
Evaluate -13 - (68 + -18) - (1 + 36).
-100
What is (-323 + 378 - (20 + 0)) + 1 + 15?
51
What is the value of 0 + 24 - (113 + -95 + -8)?
14
10 - 2 - (-26 + (20 - -10) + 13)
-9
Evaluate (12 - -36) + (8 - 15) + -5 + 1.
37
(-138 - (-147 - -117)) + 65
-43
What is the value of (-9 - -9) + -2 + -7 + 4 - (-8 - -1)?
2
Calculate 11 - (-22 + (-2 - 5) + 14).
26
Calculate -14 + (-1 + 23 - 25 - 1).
-18
What is the value of -13 - (-1 - 10 - ((3 - -1) + 2))?
4
Evaluate -21 + -12 + (34 - 4) - 21.
-24
What is the value of (-4 - (17 + -8 - -19)) + 18 + 14?
0
What is the value of -11 - (11 - (4 + 3) - 7) - (-13 + -1)?
6
Evaluate 11 - 17 - -72 - (24 + 1).
41
Evaluate 456 + -566 - (-22 - 167).
79
What is 83 - 1 - (110 - 60)?
32
Calculate 59 + (28 - 23) + -62.
2
What is the value of 1110 + -1124 + (-18 - -1)?
-31
Evaluate -153 + 153 + (-5 - ((25 - 13) + 0 + 1)).
-18
What is -1189 + 1054 - (3 + -67)?
-71
Calculate (-14 - (26 + -32 + -13)) + (41 - (1 + 1)).
44
Evaluate (-11 - -11) + (-1 - 0) - 51 - (41 + -44).
-49
Calculate -94 - -104 - (14 + 3 + -11 + 5) - 3.
-4
Calculate 3 + -9 + (-107 - -118 - (0 - -8)).
-3
What is 14 + -155 + (306 - 30)?
135
Calculate -65 - (-27 - -44) - (13 - (40 + -4)).
-59
Evaluate (-30 - -104) + 10 - (9 + -3 + -4 + -3).
8